rime?
False
Suppose 4*k + 2*g = 7*k - 8637, -5*g = k - 2879. Is k a composite number?
False
Let k = -511650 + 866217. Is k composite?
True
Suppose -210 = 3*t + 771. Suppose 135*f - 125*f - 3560 = 0. Let c = f - t. Is c composite?
False
Let c be 95/38*(1 - -1). Suppose 19571 = 2*h + h + 2*j, 0 = h + c*j - 6541. Is h a composite number?
False
Let n(y) = -1512*y**3 + 2*y**2 - 3*y - 9. Is n(-4) prime?
False
Let p(b) = -223*b + 1227. Is p(-2) composite?
True
Let t = -766620 - -1356841. Is t prime?
False
Suppose w - 13 = -m, w + m = -3*m + 13. Suppose 17308 + 36031 = w*r. Is r a prime number?
False
Let o be 6 - (174/54 + 2/(-9)). Let k be 6*1/o - -1. Let d(m) = m**3 - 2*m**2 + 2*m + 7. Is d(k) prime?
False
Suppose 8*v - 4*v + 5*k + 18613 = 0, 0 = -5*v + 3*k - 23220. Let o = 922 - v. Is o prime?
True
Suppose -2*c - 26 = -5*f, 3*f - 27 = -13*c + 18*c. Suppose 5*q - f*o + 7771 = 6*q, 0 = -o + 5. Is q composite?
True
Let y(t) = t**3 - 14*t**2 + 2*t - 35. Let r be (-22)/(-5)*7/(28/20). Is y(r) prime?
True
Let z(o) = -14*o**2 + 15*o - 159. Let s(h) = 5*h**2 - 5*h + 53. Let i(a) = -11*s(a) - 4*z(a). Let q = -1167 - -1145. Is i(q) composite?
False
Suppose 0 = 6*s - 4*s - r, 4*r = 0. Suppose s = -a + 377 + 129. Is 2*(-18)/(-12) + a/1 a prime number?
True
Let b(g) = g**3 - 15*g**2 + 16*g. Let i(d) = -4*d**3 + 59*d**2 - 64*d + 1. Let f(r) = -9*b(r) - 2*i(r). Let z be f(19). Let u = z + 1447. Is u prime?
True
Let f = 15290 + -1181. Is f a prime number?
False
Suppose -2*f - 2*t - 386 = 0, -f - 804 = 3*f - 4*t. Let s(i) = 320*i + 2. Let d be s(2). Let a = f + d. Is a composite?
True
Suppose -f = -5*f + 39412. Suppose f = 3*g + 1987. Suppose 2*q - g - 2576 = 0. Is q prime?
False
Let k(d) be the third derivative of -d**4/6 + 31*d**3/6 - 23*d**2. Is k(-6) a prime number?
False
Suppose -15 = -3*y + 4*r, 0 = -5*y + 4*y - 2*r - 5. Is 281998*y/14 + (-2)/(-7) prime?
True
Suppose -45481 = -2*n + f, 3*n + 50*f - 68232 = 55*f. Is n composite?
False
Suppose 0 = -2*n - 2*v - 42614, 4*n + 82066 + 3142 = v. Let p = n + 32516. Is p a composite number?
False
Let r(z) be the third derivative of z**5/60 - z**4/12 - 17*z**3/3 + 81*z**2. Is r(-27) a prime number?
False
Suppose -397*f + 5*g - 147635 = -402*f, -3*f + 3*g = -88581. Is f composite?
False
Suppose 60*r + 81*r - 176*r + 79217495 = 0. Is r a prime number?
True
Is (1 + -8)*(-328579272)/3528 a composite number?
False
Is 4/60*21 + 7844280/50 a composite number?
False
Suppose -2*q + 2*c + 32 = 0, -5*q + c + c + 92 = 0. Is q/(-80) + 5997/4 a composite number?
False
Let n(g) = -g**2 + 28*g + 50. Let k be (6/(-12) - 0)/(2/(-100)). Let p be n(k). Suppose -3777 = -128*u + p*u. Is u a prime number?
True
Let y be ((-336)/(-20))/((-2)/(-240)). Suppose 0 = -2*c - c - a + y, 2*c + 4*a - 1334 = 0. Suppose -c = -2*t + 85. Is t a composite number?
False
Suppose -k - 3*f + 2490 = 2*k, -4*f = 8. Let x = -2898 + 4101. Let j = x - k. Is j a prime number?
False
Suppose 0 = 2*y - 2*t - 4 + 10, -4*y + 2*t - 2 = 0. Is 33 + 5 - y/(1 + 1) a composite number?
False
Let z = 1313380 + -529031. Is z prime?
True
Suppose 0 = 5*h - 2*b - 167973 - 14538, -h + 36509 = 3*b. Is h a composite number?
True
Let y(p) = -26*p**3 + 14*p**2 + 4*p - 58. Is y(-16) prime?
False
Let l be 1 - (6 + -3) - -2. Suppose l = 2*b - 5*b + 18. Is 1*442 - b/(-6) a prime number?
True
Let v be 3*-149 + 2/2. Let j be (0 - 0) + (12*v)/(-8). Let r = j + -332. Is r prime?
True
Suppose 0 = -t - 5*t + 2367583 + 1046195. Is t prime?
True
Suppose 11*i - 10*i + 3 = 0. Is (-3)/9*i*7063 a composite number?
True
Suppose -3*j + 4*j = 4*z - 193500, 5*z + 3*j = 241858. Let h = -24675 + z. Is h prime?
False
Is (2*-178639*(43 + -42))/(-2) composite?
False
Let i(a) = -a - 3. Let h be i(-4). Let j be h/(10/(-6)) - (-260)/100. Is -2*13099/(-22) + j/11 a composite number?
True
Suppose -4*f = 0, 4*d + 0*f - 20 = f. Suppose 0 = -d*p + 5, 5*v - 2*p - 7570 = 8113. Is v composite?
False
Let y(n) = 444*n**2 - 5*n - 21. Let u be (5 - (7 - -1)) + 2/(-2). Is y(u) a composite number?
False
Let t be (-34)/(-85)*(-1 - -6). Suppose -5*j + 3*l + 7043 = -9300, l - 6546 = -t*j. Is j a composite number?
False
Is ((-613960)/4)/((-18)/(-10) + (-19)/5) a composite number?
True
Suppose -65*h + 64*h + 1931 = 0. Is h prime?
True
Let g = 19 + -24. Let q(j) = -3*j**3 - 8*j**2 - 7*j + 9. Let t be q(g). Let a = t + -28. Is a a composite number?
False
Let m be (8 - 7)*(-92)/(-4). Suppose -m*g = -q - 28*g + 5481, 2*g = 3*q - 16511. Is q a prime number?
True
Suppose 54 + 388 = -13*q. Is 4/q + 3059576/442 composite?
True
Let k(v) = v**3 + v**2 + v + 2. Let u be k(0). Let o(m) = -14*m**2 + 39*m**2 + 6*m - 9*m**u + 3 - 10*m**2. Is o(-6) a composite number?
True
Let o(h) = 54*h**2 + 18*h - 3. Let w(r) = -27*r**2 - 9*r + 1. Let k(l) = -2*o(l) - 5*w(l). Is k(8) composite?
False
Let n = -36 + 42. Let g be 8/n*(-21)/(-14). Suppose 9*o - g*o - 15043 = 0. Is o a composite number?
True
Let v(a) = -11697*a - 389. Is v(-4) composite?
False
Suppose 0 = 18*t - 23*t - 155. Let o = t - -31. Let s(r) = r**2 + 3*r + 265. Is s(o) a prime number?
False
Let h be 1678/62 - (-2)/(-31). Suppose -h*u + 25*u + 16826 = 0. Is u composite?
True
Suppose -2 = -v, 0 = 2*s + 3*s - 4*v - 57. Let l be ((-109)/2)/(s/156). Let w = l - -1565. Is w a composite number?
False
Suppose 3*w + 63631 = 2*u, -2*u + 0*w = 3*w - 63637. Is u prime?
True
Suppose -2*f - 2995 = -h, 0*f = -h - 3*f + 3010. Suppose 0*n - h = -n. Suppose -3*l - 8994 = -3*r, r = -3*l + 5*l + n. Is r prime?
False
Let h be 6298/(-12) + ((-22)/(-2))/(-66). Let j = 26698 - h. Is j a composite number?
True
Let b(g) = 214*g + 9. Let p be b(11). Suppose -u + 6*u - y - p = 0, -4*u = 5*y - 1902. Let q = 1450 - u. Is q composite?
False
Let h = -50 - -53. Suppose 4*c + 4*u = 8660, c + 3*u = -h*c + 8662. Is c composite?
True
Let q(k) = 184*k**2 - 16*k - 29. Is q(33) composite?
False
Let y = -7993 - -38230. Is y composite?
True
Suppose -2*g - 3*w = 3, g + 5 = -0*g - 5*w. Let q be (-24 + g)/(3/(-44)). Suppose -3*x = o - q, x + 3*x + o = 471. Is x composite?
True
Suppose 8*i - 5*i + 192 = 0. Let h be (-31)/3*(-4 + -1 + 2). Let n = h - i. Is n composite?
True
Suppose 0 = -2*b - 2*q - 3806, 7*q = 4*b + 2*q + 7594. Is (b/(-4) + 0)/(2/24) composite?
True
Let c = 49 + -45. Suppose a - 3090 - 773 = -2*u, -2*a = -c*u - 7734. Suppose -3*s - 4*z = 2*s - a, s + 2*z = 779. Is s prime?
True
Let i = 465021 + -231734. Is i composite?
True
Suppose 3659674 = -32*t - 70*t + 15255646. Is t composite?
True
Suppose -u + 0*k + 4 = 2*k, -5*u - 4*k + 2 = 0. Let m(d) = -3*d**3 - 3*d**2 + 5. Let w be m(u). Suppose 7512 = w*c + 2293. Is c a prime number?
True
Suppose 6*a + 210727 = 73849. Let y = -15420 - a. Is y prime?
True
Let i(j) = 2958*j**2 - 74*j + 561. Is i(-23) a composite number?
True
Let b(k) = -55584*k + 1081. Is b(-12) prime?
True
Let r = -16 - -16. Let y be (-2 + r)/((-2)/166). Suppose -74*n = -76*n + y. Is n a prime number?
True
Let f(g) = 81*g - 132. Let c be f(10). Suppose -c*n = -683*n + 51735. Is n composite?
True
Suppose 3*d + 939255 = 3*m, 4*m - d = 266096 + 986232. Is m a prime number?
True
Let i(n) be the second derivative of 4*n**4/3 + 19*n**3/6 - 10*n**2 + 3*n. Is i(-21) a composite number?
False
Let f(v) = 9212*v**2 + 74*v - 545. Is f(9) a prime number?
False
Let q = -3847 + 8238. Is q a composite number?
False
Suppose 20*v - 81640 = 320140. Is v a prime number?
True
Let q(v) = -v**3 - 2*v**2 + 16*v + 1. Let y be -3*30/9*3/15. Let l be -2 + y + (-4 - -1). Is q(l) a composite number?
True
Let c be 66/27*150/(-20)*-3. Suppose -22613 + 107038 = c*u. Is u composite?
True
Is 0/(-13) + 5 + 37436 a prime number?
True
Suppose 0 = -365*x + 291*x + 5844298. Is x a composite number?
False
Suppose -4*f + 51 = 31. Suppose f*m = 2*m - 3*p + 9, -5*m - 2*p + 18 = 0. Suppose 3*y - 807 - 1617 = -3*g, -3*g + 2389 = -m*y. Is g composite?
True
Suppose 15117166 = 376*v - 290*v. Is v a composite number?
False
Suppose 0*r = 4*r + 5*d - 20, -2*d = -4*r - 8. Suppose r = -0*c + c - o - 2472, -5*c = 3*o - 12320. Is c composite?
False
Suppose 0 = -13*w - 34 + 60. Is (15968/6 - w)/(2/3) prime?
True
Suppose -5*a = -418*c + 419*c - 1596105, -5*a - 6384470 = -4*c. Is c a composite number?
True
Suppose -38*x - 1419135 = -x. Let w = x - -65168. Is w compo